What is the thousands digit of 33673183?
3
What is the tens digit of 717510299?
9
What is the hundred millions digit of 4157908668?
1
What is the millions digit of 381287337?
1
What is the hundreds digit of 876749?
7
What is the tens digit of 185100854?
5
What is the hundreds digit of 3224684?
6
What is the ten thousands digit of 41976622?
7
What is the thousands digit of 129647827?
7
What is the billions digit of 1470320745?
1
What is the units digit of 2312617985?
5
What is the units digit of 5077583?
3
What is the units digit of 414328421?
1
What is the ten thousands digit of 32837245?
3
What is the ten thousands digit of 32262178?
6
What is the millions digit of 21934720?
1
What is the ten thousands digit of 4569394369?
9
What is the thousands digit of 1090517094?
7
What is the ten thousands digit of 41789455?
8
What is the millions digit of 1816328480?
6
What is the units digit of 160026127?
7
What is the hundred thousands digit of 2495203719?
2
What is the hundred millions digit of 267540878?
2
What is the tens digit of 4437628140?
4
What is the tens digit of 820267568?
6
What is the thousands digit of 8444256951?
6
What is the ten thousands digit of 913804699?
0
What is the units digit of 54908663?
3
What is the ten thousands digit of 1479341494?
4
What is the hundred thousands digit of 2484706953?
7
What is the thousands digit of 51096018?
6
What is the millions digit of 98493057?
8
What is the ten thousands digit of 10195688?
9
What is the hundred millions digit of 5396240380?
3
What is the ten millions digit of 301922979?
0
What is the millions digit of 42151441?
2
What is the hundreds digit of 385790956?
9
What is the hundreds digit of 1522865062?
0
What is the hundred thousands digit of 56907074?
9
What is the ten thousands digit of 1586092140?
9
What is the tens digit of 7101461?
6
What is the ten millions digit of 334361792?
3
What is the ten thousands digit of 2759663031?
6
What is the units digit of 386690376?
6
What is the hundreds digit of 1032121332?
3
What is the ten millions digit of 12951756?
1
What is the tens digit of 1008623658?
5
What is the ten millions digit of 14488424?
1
What is the millions digit of 229282502?
9
What is the millions digit of 632952336?
2
What is the thousands digit of 38618663?
8
What is the millions digit of 26118175?
6
What is the millions digit of 15563885?
5
What is the tens digit of 53129795?
9
What is the hundred thousands digit of 408675371?
6
What is the millions digit of 1971838148?
1
What is the hundreds digit of 95853021?
0
What is the hundred millions digit of 1843509098?
8
What is the ten millions digit of 678918415?
7
What is the hundred thousands digit of 4103901330?
9
What is the ten millions digit of 2751380246?
5
What is the millions digit of 744200704?
4
What is the millions digit of 23193508?
3
What is the millions digit of 87549295?
7
What is the ten thousands digit of 2970838480?
3
What is the ten thousands digit of 7465915764?
1
What is the hundred thousands digit of 4423528526?
5
What is the tens digit of 33558389?
8
What is the millions digit of 127041396?
7
What is the ten millions digit of 222195838?
2
What is the thousands digit of 1155083028?
3
What is the millions digit of 431479455?
1
What is the hundred thousands digit of 113375341?
3
What is the units digit of 14532699?
9
What is the hundreds digit of 39685528?
5
What is the thousands digit of 500437865?
7
What is the ten millions digit of 281480658?
8
What is the thousands digit of 82616286?
6
What is the hundred thousands digit of 824229650?
2
What is the thousands digit of 1437811094?
1
What is the thousands digit of 63667347?
7
What is the hundred thousands digit of 4869718421?
7
What is the millions digit of 4481905?
4
What is the ten thousands digit of 38716637?
1
What is the thousands digit of 163272102?
2
What is the hundred millions digit of 255362108?
2
What is the billions digit of 2179489876?
2
What is the thousands digit of 75827498?
7
What is the millions digit of 2148288835?
8
What is the ten millions digit of 10666424?
1
What is the hundred thousands digit of 13313261?
3
What is the units digit of 1904361?
1
What is the millions digit of 696721180?
6
What is the hundreds digit of 145749192?
1
What is the hundred thousands digit of 117519116?
5
What is the units digit of 1175307121?
1
What is the ten millions digit of 655128132?
5
What is the millions digit of 29822879?
9
What is the tens digit of 7079122041?
4
What is the hundred thousands digit of 317064766?
0
What is the tens digit of 458749501?
0
What is the ten millions digit of 302879341?
0
What is the ten thousands digit of 3569445861?
4
What is the tens digit of 1560561893?
9
What is the hundreds digit of 1532039769?
7
What is the hundred thousands digit of 95636628?
6
What is the thousands digit of 42553051?
3
What is the ten thousands digit of 345602140?
0
What is the billions digit of 1316103051?
1
What is the hundred thousands digit of 57801382?
8
What is the ten millions digit of 1487730838?
8
What is the thousands digit of 241940764?
0
What is the ten millions digit of 2260700102?
6
What is the hundreds digit of 297943469?
4
What is the hundreds digit of 26809838?
8
What is the ten millions digit of 65228782?
6
What is the hundred thousands digit of 1055631751?
6
What is the hundred millions digit of 599951220?
5
What is the hundreds digit of 871131158?
1
What is the thousands digit of 5571935215?
5
What is the hundreds digit of 514725808?
8
What is the thousands digit of 198393941?
3
What is the ten millions digit of 12159327?
1
What is the hundreds digit of 53076077?
0
What is the millions digit of 14018407?
4
What is the billions digit of 2806116639?
2
What is the hundreds digit of 114439790?
7
What is the ten thousands digit of 96698650?
9
What is the ten millions digit of 133600288?
3
What is the ten thousands digit of 173248927?
4
What is the millions digit of 6030251373?
0
What is the tens digit of 433210496?
9
What is the units digit of 453307276?
6
What is the ten thousands digit of 39157510?
5
What is the millions digit of 36689251?
6
What is the hundred thousands digit of 52840648?
8
What is the billions digit of 4755092433?
4
What is the thousands digit of 14783224?
3
What is the units digit of 236283964?
4
What is the billions digit of 1713122590?
1
What is the tens digit of 96992569?
6
What is the hundred millions digit of 192599909?
1
What is the tens digit of 931664924?
2
What is the hundred thousands digit of 345119567?
1
What is the ten thousands digit of 219164626?
6
What is the tens digit of 518286890?
9
What is the hundred millions digit of 3831849071?
8
What is the thousands digit of 51043296?
3
What is the ten millions digit of 94782156?
9
What is the hundreds digit of 63615654?
6
What is the ten millions digit of 25377156?
2
What is the tens digit of 245090067?
6
What is the thousands digit of 19677203?
7
What is the ten thousands digit of 17185439?
8
What is the ten millions digit of 50736872?
5
What is the ten thousands digit of 127297731?
9
What is the ten thousands digit of 108705611?
0
What is the units digit of 2171794104?
4
What is the billions digit of 1785519720?
1
What is the ten thousands digit of 8848995?
4
What is the ten millions digit of 3211059155?
1
What is the tens digit of 786297204?
0
What is the millions digit of 1247488529?
7
What is the ten thousands digit of 1652792893?
9
What is the ten millions digit of 7396326332?
9
What is the units digit of 1200686286?
6
What is the ten thousands digit of 407655651?
5
What is the tens digit of 52527799?
9
What is the units digit of 652539738?
8
What is the thousands digit of 941751779?
1
What is the hundred thousands digit of 276421525?
4
What is the ten millions digit of 212931333?
1
What is the hundreds digit of 1049291173?
1
What is the units digit of 3097023383?
3
What is the hundreds digit of 125277128?
1
What is the units digit of 341380165?
5
What is the hundreds digit of 66880571?
5
What is the thousands digit of 2800729641?
9
What is the ten millions digit of 628069215?
2
What is the ten millions digit of 99800847?
9
What is the billions digit of 5384227521?
5
What is the billions digit of 2094454128?
2
What is the millions digit of 105